. Let q = m - 34. Is q composite?
False
Let d = 28546 + -18957. Is d a composite number?
True
Let j be (-7)/(7/(-2)) - 6. Is j/(-14) - (-9372)/28 a composite number?
True
Let q be 8/(-32) - (-54)/(-8). Let f(a) be the third derivative of a**6/120 + 11*a**5/60 - a**4/24 + 4*a**3/3 + 24*a**2. Is f(q) composite?
False
Let a be (2 - (-132)/18) + 2/(-6). Suppose 0 = p - a*p + 3032. Is p a composite number?
False
Let y(b) = 48*b - 9. Let q(z) = 1. Let s(c) = -4*q(c) - y(c). Let i(t) = 47*t - 6. Let l(o) = 4*i(o) + 5*s(o). Is l(-1) a composite number?
False
Suppose j - 2*a - 26 = 6*j, 5*a = 3*j + 28. Is (-2)/(-7) - j/((-336)/(-25240)) a prime number?
False
Suppose 4 = p - 5. Let v be -7 + p/(7 - 4). Is 239/(-1 - v - 2) composite?
False
Suppose -8*g = 12252 - 54668. Suppose -1728 = -10*p + g. Is p a composite number?
True
Suppose -6*w + 13886 = -15124. Is w composite?
True
Let b be (-3 + (-20)/(-4))*1. Let c be -1 - (-350)/b - -4. Suppose -t + 180 = 5*r - c, -r + t + 68 = 0. Is r composite?
False
Let c(i) = 2*i - 2. Let u be c(2). Let t be 1/(u + (-14)/6). Is ((-1005)/3)/(t - -2) a prime number?
False
Let u(i) = i**3 - 10*i**2 + i - 6. Let v be u(10). Suppose q + 86 = c, 3*c - 244 = -v*q - 0*q. Let f = -59 + c. Is f prime?
False
Let p(j) = -2*j**3 - 4*j**2 - 13*j + 39. Is p(-20) a composite number?
False
Suppose 43*z - 250023 = 16018. Is z prime?
False
Let p = 23 - 14. Let j(s) = s**3 - 9*s**2 - s + 8. Let d be j(p). Is 24 + (-4)/((-4)/d) prime?
True
Suppose 4*x + 48 = -0*a + 4*a, 0 = a - 4*x - 12. Is ((-9448)/a)/(2 + 24/(-9)) prime?
True
Let k(v) = -v - 3. Let g be k(-4). Let t = 1 - g. Suppose t = -2*l + 14 + 60. Is l composite?
False
Let x(n) = -9*n**3 - 17*n**2 + 19*n + 190. Is x(-25) composite?
True
Let j(f) = 422*f**2 - 9*f - 1. Is j(-6) a prime number?
False
Let q = -1018 - -1971. Is q prime?
True
Suppose 3*h + 1464 = l - 1985, -3*h - 10347 = -3*l. Is l composite?
False
Suppose -353*n = -343*n - 65050. Is n composite?
True
Suppose 3*b = l + 70074 + 82871, -b + 50971 = 5*l. Is b a composite number?
True
Suppose -3*c - 4*m = -869, 2*m = -2*c - m + 579. Is c a prime number?
False
Let x(g) = 19*g + 4. Let f be x(13). Suppose 3*k + 4*w - 133 = -w, -5*k = w - f. Is k composite?
True
Suppose 4*y + 3*j + 11 - 5 = 0, -2*y = 2*j + 2. Is ((-760)/24 - -7)/(2/y) a composite number?
False
Let f(p) = 4074*p - 5. Let y(g) = 12223*g - 15. Let m(v) = 11*f(v) - 4*y(v). Is m(-1) composite?
True
Is 144372/68 + (-192)/(-102) + -2 a prime number?
False
Suppose 0 = 7*u - 7155 - 7972. Is u prime?
True
Suppose -2*k = 2*w - 2039 - 2889, -4*k = -3*w - 9828. Let z = k - 1483. Is z composite?
False
Suppose 3*k - 12 = 0, -4*c = 4*k - 3346 - 5386. Is c composite?
False
Suppose 4*j + 580 = 3024. Is j a composite number?
True
Let v = -6 + 17. Suppose -1072 = 10*n - v*n. Suppose 0 = 4*t - n - 604. Is t prime?
True
Is 1*(-42266)/(-2) + 6/1 prime?
True
Let b be 15/(-35) + 3498/(-21). Let j = 1928 + b. Is j a composite number?
True
Let p(j) = 2*j**3 + 26*j**2 - 11*j + 48. Is p(-13) composite?
False
Suppose 2*l - 3429 = 3*m, -5149 = -3*l - 0*l - m. Suppose -l = -0*r + 3*r. Is (r/(-33))/((-4)/(-6)) prime?
False
Let t = 890 + -382. Let s = 771 - t. Is s a prime number?
True
Let x = 13 - 10. Let f = -6 + x. Is 1*(f - (-54 + -2)) a composite number?
False
Suppose -2*y - 1 = 5*m - 16, -9 = -4*y - 3*m. Suppose -3*k + y*s = -5*s - 991, -2*k + s = -656. Is k a prime number?
False
Let b(z) = 2*z + 19 + 0*z**2 - 2*z**2 - 7*z**3 - 14. Is b(-4) composite?
True
Let c = -492 + 1223. Is c prime?
False
Is (2/(-4))/((-98244)/(-98248) - 1) a prime number?
True
Let z(c) = -4*c**3 + 4*c**2 - 4*c - 1. Suppose 5 + 0 = -l. Is z(l) a composite number?
False
Suppose 0 = 4*g + g - 14065. Is g composite?
True
Is ((-383689)/(-172))/((10/8)/5) prime?
True
Suppose m + 5 = 1. Let r be (-493)/(-6) - m/(-24). Suppose 3*b - 231 = 2*s, 2*s - r = -b + s. Is b a composite number?
False
Suppose -5*g + 36491 - 12976 = 0. Is g prime?
True
Let o be 2/(3 + -1 - -1 - 1). Is 6/(-9)*33*-1*o prime?
False
Suppose 3*q - 162 = -2*y, -5*q + 2*q + 177 = -3*y. Let a be 7 - (5 - 6)*31. Let w = q + a. Is w a prime number?
False
Let g(o) = -o + 17. Let x(w) = w**2 + 2*w - 10. Let i be x(-5). Let l be g(i). Suppose l*h - 9*h - 111 = 0. Is h composite?
False
Let z(j) = 48*j - 17. Let p be 9 + (-3 + 1 - 2). Is z(p) a prime number?
True
Let j = -13 - -18. Suppose -1629 = -j*i - 574. Is i a prime number?
True
Is 30 - 19 - (-4 - 5948) a prime number?
False
Is (1293 - -1)*(39 + -38) a prime number?
False
Let g = 1461 - 118. Is g prime?
False
Let a(l) be the first derivative of 28*l**3/3 - 2*l**2 + 5*l + 39. Is a(12) prime?
True
Suppose 691 = 349*r - 348*r. Is r a prime number?
True
Suppose -3*x = 5*x - 6480. Suppose 2*k = 3*s - 4981, k + 852 + x = s. Is s a composite number?
False
Suppose -36 = 5*d - d. Let z(a) = -a**2 - 8*a + 12. Let h be z(d). Suppose 10 = h*c - 119. Is c a composite number?
False
Let d be ((-1)/(-1))/((-9)/(-9)). Let k = -1 - d. Is (-4 - -8 - -56) + k a prime number?
False
Suppose -3*j - 5*a = 725 - 1696, -1650 = -5*j - 2*a. Suppose -2*r - 2*r + j = 0. Is r a composite number?
False
Let k = -146 + -936. Is k*(3 - 14/4) composite?
False
Let t(j) = -j**2 - 14*j - 11*j + 14 + 14*j. Let s be t(-12). Suppose s*g + 1036 = 2*u, 3*u = 4*g + 2054 - 505. Is u composite?
False
Let o(i) = 230*i**2 + 39*i - 24. Is o(-13) a composite number?
True
Let d = 24665 + -16402. Is d a composite number?
False
Let f be 4/((-8)/(-4)) - 13. Let g(u) = u**3 + 25*u**2 - 24*u + 15. Is g(f) a composite number?
False
Suppose 0 = 10*v - 1341 - 22609. Is v a prime number?
False
Suppose -437 = -10*o + 6573. Is o prime?
True
Suppose -3*w = -w + 866. Let z = 1686 + w. Is z a prime number?
False
Let u = 10738 + -5717. Is u a composite number?
False
Suppose -4119 = 3*s - 2*n, 4*n + n - 6870 = 5*s. Let h = s + 2728. Is h a composite number?
True
Suppose 2*f - 902 = a, -2*a = -2*f - 3*a + 902. Is f a composite number?
True
Suppose -4*k + 2*z + 80 = 0, 5*z + 18 - 7 = k. Let o(d) = 19*d - 34. Is o(k) composite?
True
Let b = -1 + 6. Suppose 4*k - 10 = -j + 3, b = j. Is 12/(-24)*(-1508)/k prime?
False
Let m(t) = -1. Let x(i) be the second derivative of i**3/6 + 75*i**2 - 4*i. Let g(l) = -5*m(l) + x(l). Is g(0) prime?
False
Let k = 737 + 620. Let j = k + -926. Is j a prime number?
True
Suppose 2*b = b. Suppose b = -3*n + 4*q - 7 - 9, -n = q - 4. Suppose n = -3*p + 107 + 184. Is p composite?
False
Let t = -5 + 12. Suppose -5*x = -z - t*x - 6, 5*z = 3*x + 9. Suppose -4*n + 0*n + 372 = z. Is n a composite number?
True
Suppose -7*p + 2*p = 4*x + 154, -104 = 3*x - 2*p. Let s = 9 - x. Suppose 2 + s = w. Is w a composite number?
False
Suppose 0 = -58*y + 46*y + 10884. Is y composite?
False
Is (-5249)/(-9) + 4 - 10/45 a composite number?
False
Suppose 81852 + 66282 = 6*b. Is b composite?
True
Suppose 0*m = -3*x + 3*m + 21, 2*x - 8 = -m. Suppose -15 = x*n - 80. Let b = 102 - n. Is b prime?
True
Suppose 2*o = -4*r + 26, o - 5 = -5*r + 4*o. Suppose -3*z + r*t = -20, -2*z - t = -z - 2. Suppose 4*d + 8 = 0, 4*d = -0*m - z*m + 2244. Is m prime?
True
Suppose 5*f + 210 + 94 = b, 5*b = -2*f + 1601. Is b composite?
True
Let l = 0 + 1. Let g be 1070/4 - ((-40)/(-16) - 3). Suppose -q = -l, 0 = 3*v + q - 294 - g. Is v a prime number?
False
Is 3643281/(-634)*((-5)/3 + 1) a prime number?
False
Suppose -7*d - 210 = -12*d. Suppose d = -2*l + 8. Let s = 36 + l. Is s prime?
True
Suppose 0 = -0*b + 2*b - 8. Suppose -b*i = i. Is (-65)/(-2 + 1 - i) a composite number?
True
Is 1/5 + 3540636/495 a composite number?
True
Suppose 4869399 = 15*j + 54*j. Is j a composite number?
False
Let y = 838 - 154. Suppose -3*w + 3*r + y = 0, w = -w + 5*r + 471. Is w a composite number?
False
Let z(p) = p**2 - 58*p - 54. Is z(65) a composite number?
False
Is -3 - (-95)/25 - 68553/(-15) prime?
False
Suppose -18303 = -f - 3*a + 19382, -f + 5*a = -37693. Is ((-2)/(-4))/(4/f) a prime number?
False
Suppose -2*j + 743 = -3*b, 4*j + b = 6*j - 745. Is j composite?
False
Is 3/1*(-12106)/(-2) - 4 prime?
False
Suppose 27*i - 554524 = -60397. Is i prime?
True
Suppose -3*r + 10 + 5 = 0. Suppose 21 + 1154 = -r*x. Let m = x + 482. Is m a prime number?
False
Let c = 12277 - 8666. Is c composite?
True
Suppose -29*y = -26*y + 